-p + 11, -z*p = -3*k - 54. What is the highest common factor of 60 and p?
12
Let w be (-50)/4*48/(-10). Calculate the highest common factor of 80 and w.
20
Let f(g) = g**3 - 5*g**2 - 6*g + 6. Let i be f(6). Let s = -1 + i. Let w be (-1)/(1/2) - -7. What is the greatest common factor of s and w?
5
Let n = -52 + 78. Let b(d) = -2*d - 1. Let x be b(-7). Calculate the greatest common factor of x and n.
13
Let y(q) = -6 + 3 + 5*q + 4*q**2 + 0*q. Let t be y(3). Calculate the greatest common factor of 6 and t.
6
Let k = -7 - -12. Suppose -5*j - 4*p + 7*p = -168, -3*j + k*p + 104 = 0. What is the greatest common divisor of 11 and j?
11
Let p = -18 + 98. Let x(y) = 2*y - 6. Let z be x(3). Suppose z = 3*m - 6*m + 48. What is the highest common divisor of m and p?
16
Suppose -225 = -4*q - 3*b, -3*b = -q - q + 135. Let y = -6 - -9. Suppose -2*i + 4*k + 45 = 7, -4*i + 54 = y*k. Calculate the greatest common factor of i and q.
15
Let p = 2 - -4. Suppose 2*k = -5*h + 518, k - 525 = -5*h + p*k. Calculate the highest common factor of h and 13.
13
Let q be (15 - 8) + (-8)/(-2). Calculate the highest common factor of 99 and q.
11
Let d = -87 - -167. What is the greatest common factor of 8 and d?
8
Suppose 0 = -3*s + 379 - 79. Let h = 46 + -26. What is the greatest common divisor of s and h?
20
Let w = 13 - 6. Let f be 32/(-3 + w) + -1. What is the greatest common divisor of f and 7?
7
Suppose 0*a + 3*t = 3*a, 4*a - 6 = 2*t. What is the highest common factor of a and 6?
3
Let w = -47 + 75. Calculate the greatest common divisor of 42 and w.
14
Let o(k) be the second derivative of 61*k**4/6 + k**3/6 - 3*k. Suppose -1 = 2*x - x. Let i be o(x). Calculate the greatest common divisor of 11 and i.
11
Let m = -2 - 1. Let b(j) = -j**2 + j + 2. Let o be b(m). Let p be (3 + -1 - o)/1. Calculate the highest common factor of p and 48.
12
Let k be ((-1)/(-3))/((-1)/(-15)). Suppose 0*h - k*h = -45. Let u = -4 - -13. What is the highest common factor of h and u?
9
Suppose -6*v = -634 + 46. Calculate the greatest common factor of 14 and v.
14
Suppose -4*c + 84 = -2*c. Let t = c + -26. Calculate the greatest common factor of 48 and t.
16
Let o be (-2)/((-2)/(-5) + 0). Let w = 10 + o. Suppose 2*p + 22 = w*p + 2*z, 2*z = 5*p - 10. What is the greatest common divisor of 12 and p?
4
Suppose 2*c - 2*q = 208, 3*c - 2*q - 68 - 245 = 0. What is the highest common factor of c and 15?
15
Suppose 3*q = -q - 3*u + 101, 2*q + u - 51 = 0. Calculate the greatest common factor of 13 and q.
13
Suppose -2*o + 1 = -i, 3*o = -i + o + 7. Let n be (-220)/(-15) - 1/(-3). What is the highest common divisor of i and n?
3
Suppose -236 = -4*f - 4*b, -5*b + 58 - 393 = -5*f. Calculate the greatest common divisor of 42 and f.
21
Let a(j) = j**3 - 7*j**2 + 2*j - 2. Let v be a(7). Let r be 3/v + 63/4. Let p be -22*6*8/(-6). Calculate the highest common divisor of p and r.
16
Let f be 6 - 9 - (-1 + 1). Let z be ((-6)/f)/(2/50). What is the highest common divisor of z and 75?
25
Let u(s) = s**3 + 8*s**2 - 3*s - 5. Let l be u(-7). What is the greatest common factor of 13 and l?
13
Suppose -4*x - 12 = -5*x. Calculate the highest common divisor of x and 18.
6
Let z(l) = l**2 - l. Let y(x) = -2*x**2 + x. Let r(a) = y(a) + 3*z(a). Let m be r(4). Calculate the highest common factor of 1 and m.
1
Let i be (4 - -1) + -1 + 2. What is the greatest common divisor of 4 and i?
2
Suppose -5*t - 940 = 3*f + 2*f, -4*f = 3*t + 756. Let r be (18/(-8))/(9/f). What is the greatest common factor of 16 and r?
16
Suppose -7 - 6 = -s. Let f be (321/(-6))/(-1)*2. Let b = 185 - f. What is the greatest common factor of b and s?
13
Let j(p) = -2*p - 3. Let a be (-5)/(15/6) + 0. Let u be j(a). Let o = 0 + 5. What is the greatest common factor of u and o?
1
Let w = 1 + 2. Suppose -2 = j + 3*y, w*j - 4*y - 13 - 7 = 0. Suppose -3*o + 128 = 2*i, -4*i - 163 = -j*o + i. Calculate the highest common divisor of o and 6.
6
Suppose -2*r + 13 + 21 = 0. Calculate the greatest common factor of 119 and r.
17
Let z(j) = -j + 3. Let l be z(3). Suppose l*b - 3 = -b. What is the highest common factor of 15 and b?
3
Let m be 0/(3 + -6 - 0). Suppose -b + 5*i + 0 + 64 = m, -5*b + 2*i = -412. Calculate the highest common factor of b and 12.
12
Let s be 6/((-1)/((-11)/2)). Suppose 3*c + 0*c = s. Suppose -n + a = -126, -n + 56 + 45 = 4*a. Calculate the greatest common divisor of n and c.
11
Let s(n) = 3*n - 15. Let p be s(6). Let z be (6/(-5))/(p/(-200)). Calculate the highest common factor of z and 32.
16
Suppose x - 4*n = 13 + 7, -5*n = x + 16. Suppose 2*q = -q + 4*i + 171, -q + 65 = -x*i. Suppose 427 + q = 5*u. Calculate the greatest common divisor of u and 24.
24
Let k(t) = 2*t + 4. Let v be k(-8). Let x = v - -30. Calculate the greatest common divisor of 90 and x.
18
Suppose 2*j + m + 53 = 7*j, -2*m - 26 = -2*j. What is the greatest common factor of j and 40?
10
Let m = -12 - -17. Let y be (18/m)/((-2)/(-20)). Calculate the highest common divisor of y and 24.
12
Let k be -2*(-2)/4*17. Let d = 38 - k. Let y be ((-30)/35)/((-6)/21). What is the greatest common factor of d and y?
3
Let w(t) = -t**3 - 8*t**2 - 8*t + 1. Let y be w(-7). What is the highest common divisor of 32 and y?
8
Suppose 0 = 5*i - 36 - 44. Suppose 11*c - 59 - 1877 = 0. Calculate the highest common divisor of c and i.
16
Suppose -2*w + 4 + 6 = 0. What is the greatest common factor of 2 and w?
1
Let u(j) = j**2 - 6*j + 10. Let p be u(4). What is the greatest common divisor of p and 2?
2
Let m(c) = 26*c**2 + c - 1. Let b be m(1). Let a(f) = -b*f - 27*f + 13*f. Let x be a(-1). What is the highest common divisor of 8 and x?
8
Suppose -10 = -2*l + 5*g, -5*l + 5*g = -l - 20. Suppose -l*f - 5 + 20 = 0. Suppose -1 = -f*d + 5. What is the greatest common factor of d and 1?
1
Let m be ((-6)/(-8))/((-9)/36). Let w be (11 - 38)/(m/2). What is the greatest common factor of 90 and w?
18
Let s(p) be the third derivative of p**5/60 + p**4/4 + p**3 + 2*p**2. Let k be s(-5). Calculate the highest common divisor of 3 and k.
1
Let i(b) = 14*b + 1. Let j be i(1). Let y = -16 - -4. Let f be (-36)/(j/y + 1). What is the greatest common factor of 16 and f?
16
Let f(m) = m**3 - 2*m**2 + 3*m - 1. Let h be ((-1)/3)/(1/(-6)). Let n be f(h). Suppose q = -0*q + 10. Calculate the highest common divisor of n and q.
5
Suppose 5*p = 3*u - 4 + 5, 0 = -u + 3. What is the highest common factor of p and 6?
2
Suppose 5*k + 35 = o, 92 = 5*o - 4*k - 83. Suppose 3*m = -2 + o. Let y be (1/2)/(2/308). What is the greatest common factor of m and y?
11
Let x(k) = -2*k + 90. Let o be x(0). What is the greatest common factor of o and 30?
30
Let t = -10 + 21. Let r be (-27)/(-6)*44/6. Calculate the highest common factor of r and t.
11
Let y be 3*-4*1/2. Let v be 160/3 + (-4)/y. What is the highest common factor of 6 and v?
6
Suppose -10 + 2 = -4*w. What is the greatest common factor of 2 and w?
2
Let h(g) = 22*g - 3. Let p be h(3). Let b = -3 + 12. Calculate the greatest common factor of p and b.
9
Suppose -4*a + 0*i = i + 19, -2*a - 8 = 2*i. Let h be 3*1 - 5/a. Calculate the highest common divisor of h and 4.
4
Suppose 24 = -2*u + 80. Calculate the greatest common divisor of 21 and u.
7
Suppose 5*j - 4*j = 10. Let o = 73 - 48. What is the greatest common divisor of o and j?
5
Suppose -2*n + 15 = -5. Let d be (-2)/1 - -5*n. Suppose 4*u = 74 + 54. What is the greatest common factor of d and u?
16
Let f = -35 + 56. Suppose -5*i - t = -686, -292 = -2*i - 0*i + 4*t. Suppose -10 - 2 = -4*x, -4*x = 3*y - i. Calculate the highest common divisor of y and f.
21
Let f = 85 - 40. Suppose 5*z + f + 60 = 5*k, -k - z + 27 = 0. Suppose -3*j = 2*i - k, 28 = i - 3*j + 7. What is the highest common divisor of 10 and i?
5
Suppose 2*r - 71 + 1 = -2*y, r + 3*y - 41 = 0. What is the greatest common factor of 48 and r?
16
Let z be (-135)/(-4) + (-3)/(-12). Suppose 27 = 5*m - v + 3*v, 4*v - 19 = -3*m. Let j = m + 12. What is the greatest common factor of z and j?
17
Let g = -30 + 49. Let b(c) = 47*c**2 + 2. Let o be b(2). Calculate the highest common divisor of o and g.
19
Let a be 1/3 + 119/3. Calculate the highest common divisor of 8 and a.
8
Let p(c) = -2*c**2 + 1. Let m be p(2). Let o = m + 22. Calculate the greatest common factor of 5 and o.
5
Suppose 0 = 2